139.
138
Calculate the remainder when 1949083 is divided by 9415.
178
Calculate the remainder when 6872065 is divided by 1124.
1053
Calculate the remainder when 40814 is divided by 5656.
1222
What is the remainder when 12053113 is divided by 75?
13
Calculate the remainder when 6195646 is divided by 6195640.
6
What is the remainder when 57707550 is divided by 16?
14
What is the remainder when 16053829 is divided by 1827?
1807
Calculate the remainder when 513638657 is divided by 1180.
1177
What is the remainder when 1406688121 is divided by 2149?
2148
What is the remainder when 20639596 is divided by 354?
334
What is the remainder when 15990811 is divided by 761463?
88
Calculate the remainder when 6861689 is divided by 284.
249
What is the remainder when 19559505 is divided by 30?
15
Calculate the remainder when 775960 is divided by 32330.
40
Calculate the remainder when 4575194 is divided by 20.
14
Calculate the remainder when 231546 is divided by 113559.
4428
Calculate the remainder when 6860599 is divided by 4168.
71
Calculate the remainder when 14582493 is divided by 1121727.
42
Calculate the remainder when 4750252 is divided by 131951.
16
Calculate the remainder when 970131 is divided by 2879.
2787
Calculate the remainder when 3994152 is divided by 55.
52
Calculate the remainder when 977647545 is divided by 733.
732
What is the remainder when 10916 is divided by 1312?
420
What is the remainder when 6562341 is divided by 2695?
16
What is the remainder when 390530 is divided by 5842?
4958
What is the remainder when 16768581 is divided by 882?
879
What is the remainder when 63729 is divided by 12737?
44
What is the remainder when 26542 is divided by 390?
22
What is the remainder when 21780173 is divided by 573162?
17
Calculate the remainder when 5549782 is divided by 24.
22
What is the remainder when 39070 is divided by 6511?
4
What is the remainder when 14418791 is divided by 39721?
68
Calculate the remainder when 22967 is divided by 19.
15
What is the remainder when 10170808 is divided by 18?
16
What is the remainder when 5313 is divided by 40?
33
What is the remainder when 29093897 is divided by 22?
19
What is the remainder when 293909 is divided by 293894?
15
What is the remainder when 121720 is divided by 4922?
3592
What is the remainder when 83682 is divided by 41735?
212
What is the remainder when 3474001 is divided by 15?
1
What is the remainder when 121684 is divided by 3929?
3814
What is the remainder when 1999318 is divided by 9617?
8599
Calculate the remainder when 301079 is divided by 4610.
1429
What is the remainder when 24141006 is divided by 93?
66
What is the remainder when 1271983 is divided by 2539?
2483
Calculate the remainder when 9473511 is divided by 532.
187
Calculate the remainder when 12548761 is divided by 797.
793
What is the remainder when 6488620 is divided by 867?
859
Calculate the remainder when 12859 is divided by 2719.
1983
What is the remainder when 876793 is divided by 14373?
40
Calculate the remainder when 16739571 is divided by 25.
21
What is the remainder when 53423299 is divided by 784?
755
Calculate the remainder when 277080 is divided by 12039.
183
What is the remainder when 1822322 is divided by 127?
126
Calculate the remainder when 15501154 is divided by 212.
138
Calculate the remainder when 150200404 is divided by 40279.
13
What is the remainder when 169795302 is divided by 13?
1
Calculate the remainder when 32538883 is divided by 197.
196
What is the remainder when 44222594 is divided by 22111278?
38
Calculate the remainder when 27045318 is divided by 428.
426
Calculate the remainder when 76261075 is divided by 956.
955
Calculate the remainder when 774320 is divided by 3493.
2367
Calculate the remainder when 4314822 is divided by 3832.
3822
What is the remainder when 20566997 is divided by 354603?
23
Calculate the remainder when 163947 is divided by 81853.
241
Calculate the remainder when 79713968 is divided by 1201.
1196
Calculate the remainder when 2423 is divided by 1110.
203
Calculate the remainder when 5596072 is divided by 126.
34
What is the remainder when 4340833 is divided by 1025?
983
Calculate the remainder when 2723808 is divided by 907933.
9
Calculate the remainder when 216804 is divided by 108372.
60
What is the remainder when 2138369 is divided by 133?
128
What is the remainder when 8053401 is divided by 2684461?
18
Calculate the remainder when 19885178 is divided by 20844.
2
What is the remainder when 182917 is divided by 36339?
1222
What is the remainder when 1021065 is divided by 121?
67
Calculate the remainder when 45901 is divided by 232.
197
Calculate the remainder when 126925 is divided by 9040.
365
What is the remainder when 9609961 is divided by 294?
277
Calculate the remainder when 10349806 is divided by 58.
54
Calculate the remainder when 19991 is divided by 2588.
1875
What is the remainder when 2712395 is divided by 24884?
39
Calculate the remainder when 2652858 is divided by 20.
18
Calculate the remainder when 123615 is divided by 3372.
2223
Calculate the remainder when 2186009 is divided by 51.
47
What is the remainder when 41300448 is divided by 423?
420
Calculate the remainder when 1320033 is divided by 659657.
719
What is the remainder when 26733 is divided by 479?
388
Calculate the remainder when 9378767 is divided by 14.
13
Calculate the remainder when 711639 is divided by 1621.
20
Calculate the remainder when 11874783 is divided by 167.
81
Calculate the remainder when 290968 is divided by 96968.
64
What is the remainder when 86110209 is divided by 2532653?
7
Calculate the remainder when 156505393 is divided by 106.
103
What is the remainder when 162246056 is divided by 26?
24
Calculate the remainder when 185101 is divided by 71.
4
Calculate the remainder when 1632041 is divided by 1375.
1291
Calculate the remainder when 8154895 is divided by 369.
364
What is the remainder when 371516 is divided by 21849?
83
Calculate the remainder when 82515041 is divided by 697.
696
Calculate the remainder when 615425 is divided by 5085.
140
Calculate the remainder when 237688 is divided by 101.
35
What is the remainder when 13401223 is divided by 19?
10
Calculate the remainder when 64892 is divided by 624.
620
Calculate the remainder when 82030 is divided by 1189.
1178
What is the remainder when 708844 is divided by 2557?
555
What is the remainder when 127940821 is divided by 172?
169
Calculate the remainder when 2022629 is divided by 6810.
59
Calculate the remainder when 10496048 is divided by 124952.
80
Calculate the remainder when 43690 is divided by 355.
25
Calculate the remainder when 117028 is divided by 39001.
25
Calculate the remainder when 1956500996 is divided by 16794.
16790
Calculate the remainder when 644763 is divided by 40289.
139
Calculate the remainder when 79104559 is divided by 1336.
1335
Calculate the remainder when 49412788 is divided by 3826.
3824
What is the remainder when 5451400 is divided by 85?
10
What is the remainder when 33815 is divided by 7987?
1867
What is the remainder when 692741 is divided by 290?
221
Calculate the remainder when 444429479 is divided by 20.
19
What is the remainder when 9492 is divided by 35?
7
Calculate the remainder when 633041 is divided by 633003.
38
Calculate the remainder when 2646092 is divided by 3.
2
Calculate the remainder when 127885 is divided by 53.
49
What is the remainder when 10313995 is divided by 3395?
3380
What is the remainder when 37577 is divided by 17968?
1641
What is the remainder when 67412326 is divided by 22470771?
13
Calculate the remainder when 42086471 is divided by 224.
7
What is the remainder when 66111451 is divided by 66111438?
13
Calculate the remainder when 74587254 is divided by 24862416.
6
Calculate the remainder when 794716 is divided by 6568.
6556
What is the remainder when 10919226 is divided by 188?
186
What is the remainder when 2803922 is divided by 30476?
130
What is the remainder when 8581315 is divided by 90?
85
What is the remainder when 16012 is divided by 3783?
880
Calculate the remainder when 236387 is divided by 277.
106
What is the remainder when 943713 is divided by 11367?
252
What is the remainder when 7328364 is divided by 431079?
21
Calculate the remainder when 2833